3 - 36. What is a(6)?
-6
Let u(x) = 0 + 1 + 3 - 2*x. Let k(w) = -3*w**3 + 108*w**2 + 229*w + 7. Let s be k(-2). Determine u(s).
-6
Let d(u) be the third derivative of -1/24*u**4 + 7*u**2 + 0*u + 0 - 5/6*u**3. Suppose 0 = 2*n + 2*n + 24. Determine d(n).
1
Let f(x) be the second derivative of -x**3/3 - 95*x**2/2 + 94*x - 19. Give f(-6).
-83
Let d(w) = -w - 6 - 16 + 65 - 30. Determine d(2).
11
Let w = -5947 - -5951. Let v(a) be the second derivative of -1/3*a**w + 1/20*a**5 + 0 + 2*a**2 - 27*a + 0*a**3. Give v(3).
-5
Let t(h) = -2*h - 4. Let u(y) = -24*y + 109. Let x be u(6). Let r be ((-9)/(-15))/(273/x - -8). Determine t(r).
-10
Let u(x) be the third derivative of x**4/24 - 11*x**3/6 - x**2. Let j(r) = -r**2 - 71*r + 8. Let h be j(-71). Calculate u(h).
-3
Let h(o) = -39*o - 37. Let r be h(-4). Let m(c) = -c**3 + r*c**2 + 2*c**3 - 103*c**2 - 3. Calculate m(-16).
-3
Let m(b) = 8*b**3 - 14*b**2 + 4*b + 2. Let q(r) = -13*r**3 + 20*r**2 - 7*r - 3. Let l(v) = -8*m(v) - 5*q(v). Give l(-12).
-37
Let u = 5172 + -5168. Let w(m) be the first derivative of 3*m**2 - 5/3*m**3 + 1/4*m**4 - 2 - 5*m. Determine w(u).
3
Let g(v) = -8 - 112*v**2 + 190*v - 182*v + 111*v**2. Suppose -5*j + 18 = -22. Determine g(j).
-8
Let y(b) = -b + 1. Suppose -3*n - 3*n + 6 = 0. Let x(l) = -n - 46*l - 4 + 42*l. Let k(i) = x(i) + 4*y(i). Calculate k(-1).
7
Let b(k) = -k**3 - 3*k**2 - 3*k. Let n(p) = -2*p - 28. Let r be n(-11). Let m = r - -62. Suppose 2*u + m = 50. Determine b(u).
9
Let h(v) be the first derivative of -15 + 3*v + 1/2*v**2 - 1/3*v**3. Suppose 2*d = 4*d - 8. Calculate h(d).
-9
Suppose 158*b + 640 + 267 = 275. Let o(m) = -5 - 5*m**2 - 6*m + 2*m - m**3 - m**2. Calculate o(b).
-21
Let u(w) = 29*w. Let k be 195/13 - (-3 + -3). Let m be (60/(-16))/5 + k/12. What is u(m)?
29
Suppose -9*y = -77394 + 23907. Let v(h) = 23*h + 5946 - 8*h + h**2 - y. What is v(-15)?
3
Let p(k) = 19*k + 7. Suppose 21*d = 19*d + u - 10, -2*d - 5*u - 22 = 0. Let b(y) = 22*y + 8. Let i(t) = d*p(t) + 5*b(t). Give i(2).
-10
Let w(a) = 31*a - 1456. Let x be w(47). Let r(b) be the third derivative of -37*b**6/120 + b**5/60 - b**3/6 - 3*b**2. Give r(x).
-37
Suppose 5*q - 24*q = -475. Suppose -q*t + 12*t + 65 = 0. Let a(r) be the first derivative of -r**4/4 + 2*r**3 - 3*r**2 + 2*r + 2. Determine a(t).
-3
Let h(z) = 3*z**2 + 16*z - 14. Let c(m) = m**2 + m. Let t(a) = -4*c(a) + h(a). Let g = -33664 - -33675. Give t(g).
-3
Let w(v) = 27 + 15 + 16 - 5 - 42 - v. Suppose -2*p + 0*p + 6 = 0. Calculate w(p).
8
Suppose -257*k + 254*k = -i + 32, -48 = -2*i + 4*k. Let f(r) = -5*r**2 + 13*r + 3. Let z(o) = 9*o**2 - 25*o - 5. Let q(x) = 7*f(x) + 4*z(x). Give q(i).
-7
Let g(x) = 7*x**2 - 120*x + 20. Let l be g(17). Let u(h) = -10*h + 10. Calculate u(l).
-20
Let m(x) = -x**2 - 11*x - 21. Let a be (-4)/2 + (-3)/(((-192)/(-40))/8). Determine m(a).
7
Let n be 53 + 1 + -3 + 6 + -1. Let v = n - 51. Let a(t) = -v + t - t + t + t. What is a(5)?
5
Let q(a) be the second derivative of a**5/20 - 7*a**4/6 - 3*a**2 - 3*a. Let j be 3/(13/((-364)/(-6))). Calculate q(j).
-6
Let x(a) = -a**3 - 2*a**2 + 5*a - 34. Let g = 16455 + -16455. Calculate x(g).
-34
Let a(p) = 3*p**2 + 56*p - 24. Let v(c) = -2*c**2 - 34*c + 16. Let i(u) = -5*a(u) - 8*v(u). Give i(9).
1
Suppose 3*d - 68 = 2*n, 4*d + 13*n - 64 = 9*n. Let u(p) = -8 + 7*p**2 - 5 + d + 8*p - p**3. Calculate u(8).
7
Let w = 2212 + -2215. Let y = 1 + -6. Let v be (2 - w)/(y/5). Let b(u) = u**3 + 5*u**2 - 5. Calculate b(v).
-5
Let h(q) = -1. Let k(m) = 2*m + 4. Suppose -3*u + 5*s = -4*u + 23, 0 = 5*s - 25. Let x(f) = u*h(f) - k(f). Suppose 0 = 22*c - 19 - 47. Calculate x(c).
-8
Let u(b) be the third derivative of 1/6*b**4 + 0*b - 1/12*b**5 - 1/2*b**3 + 2 - 1/120*b**6 - 43*b**2. What is u(-6)?
9
Let z(w) be the second derivative of -353*w + w**3 + 2 + 3/2*w**2. Let o be (3/(-4))/(2/8). Give z(o).
-15
Let a(q) = -q**3 + 1 - 6 - 7 + 0*q**3 + 8*q**2 + 2*q + 5. Determine a(8).
9
Let z(d) = -3*d**3 + 2*d**2 - 7. Let p(y) = y**3 + y**2 - 1. Let w(t) = -4*p(t) + z(t). Let m(b) = 6*b**3 + b**2 + 2. Let f(k) = -6*m(k) - 5*w(k). Give f(4).
3
Suppose -3*c + 425 = -5*l, 2*l + 296 = 3*c - 135. Let a(t) = -2 + c*t - 73*t - 74*t. Give a(-6).
10
Suppose 3*c = 2*c + 2, -3*t + 2*c = -44. Let r be 3/2*(t/(-3) - -2). Let s(z) = -3*z + 9*z + 2*z**2 - z**2. Calculate s(r).
-5
Let k be (-80)/64*12 - -19. Let q(y) be the second derivative of 8*y - 1/12*y**4 + 0 - 2/3*y**3 - k*y**2. Calculate q(-6).
-20
Let j(d) be the third derivative of d**6/12 - d**5/60 - 5*d**4/24 - 2*d**3/3 - 447*d**2 - 4*d. Calculate j(-1).
-10
Let t(g) be the first derivative of g**6/360 - g**5/40 + g**4/6 + 26*g**3/3 + 77. Let x(n) be the third derivative of t(n). Calculate x(3).
4
Let w(p) be the first derivative of -13*p**2/2 + 17*p - 1613. Give w(4).
-35
Let y(a) = -a**2 - 5*a - 4. Let u be y(-5). Let k(d) = -20*d + 14. Let s = -19 + 2. Let g(q) = -7*q + 5. Let l(c) = s*g(c) + 6*k(c). Give l(u).
3
Let l(q) = -5*q**3 + 18*q**2 + 3*q - 8. Let x(r) = 12*r**3 - 38*r**2 - 7*r + 15. Let s(f) = 5*l(f) + 2*x(f). Calculate s(14).
4
Let t(k) be the first derivative of -k**4/24 + k**3/3 + 55*k**2 + 74. Let i(l) be the second derivative of t(l). What is i(-2)?
4
Let d(y) = -y**3 + 8*y**2 - 4*y + 12. Suppose -2*k - 7*l + 4*l + 171 = 0, 86 = k + l. Let n = -79 + k. Determine d(n).
-20
Let r(g) = -2*g + 17. Let q(f) = -f + 3. Let h(c) = -10*q(c) + 2*r(c). Suppose -1 = -u, 4*u + 6 = -5*m + 5. Let x be (m/(-3))/((-3)/(-27)). What is h(x)?
22
Let b(x) = -x**2 - 5*x + 1. Let l = 282 - 277. Suppose 3*f + 5*a = 7*f + 12, -3*f - l*a = 9. What is b(f)?
7
Let i(a) be the third derivative of 5*a**4/3 + 205*a**3/6 - 5428*a**2. Determine i(-5).
5
Let d be (-34)/(-4) - (-3)/(-6). Let i(f) be the second derivative of f**3/6 + 11*f**2/2 + 12*f - 3. What is i(d)?
19
Let w(v) = 6*v + 4. Let z(i) be the first derivative of -i**3/3 - 5*i**2/2 - 3*i - 2. Let x = -99 - -96. Let u be z(x). Calculate w(u).
22
Let a(l) = 11*l**2 + 3*l + 3. Let m(u) = 31*u**2 + 8*u + 8. Let g(d) = -11*a(d) + 4*m(d). Let t(p) = 14*p - 8*p - 21 - 4*p. Let c be t(10). What is g(c)?
3
Let m(g) be the first derivative of 9*g**2/2 + 3*g + 6963. Let x be (3 - 2)/(2/(-4)). Determine m(x).
-15
Suppose 23 = 3*w - 6*v + 8*v, 2*v + 26 = 4*w. Suppose 0 = -w*u + 94 - 10. Let d(p) = 5*p + u*p + 2 - p**2 - 19*p + 9*p. Determine d(6).
8
Let h be (-325 - 17)/18 - -34. Let u(q) = -q**3 + 17*q**2 - 31*q + 7. What is u(h)?
-8
Let u(b) = -2*b**2 - b + 3. Let c = 230 - 178. Suppose c = -20*k + 12. Give u(k).
-3
Let k(l) = 10*l**2 + l - 1. Suppose 203 + 409 = -s + 2*z, 2*z = -6. Let n = -620 - s. Calculate k(n).
37
Let c(x) be the first derivative of -9 - x - 5/2*x**2 + 7/12*x**4 + 4/3*x**3 - 1/20*x**5. Let f(a) be the first derivative of c(a). What is f(8)?
-5
Let b = 4 - 0. Suppose -3*x + 6 = -b*o - 8, x + 4*o = -6. Suppose 0 = 2*w + j + 3, x*w + 3*j = 4 - 13. Let p(z) = z**2 - z + 2. Give p(w).
2
Let n = 23 - 23. Suppose 0 = 4*d - n*d - 40. Suppose -24 = d*l - 4*l. Let c(u) = 2*u + 6. Give c(l).
-2
Let p(x) = -2*x - 56. Let u = -15003 + 14988. Give p(u).
-26
Let x = -269 + 282. Suppose -5 = 5*o, 2*o = k + 2 - x. Let n(p) = -2*p + 11. What is n(k)?
-7
Let k be ((-18)/(-12))/((-1)/(66/(-9))). Let i(y) = -3 - k + 5 + 0 + y. Calculate i(5).
-4
Let i(u) be the third derivative of u**9/60480 - u**8/2520 + u**6/120 + u**5/20 - 41*u**4/12 - 100*u**2. Let s(w) be the third derivative of i(w). Give s(8).
6
Let i(g) = 2*g - 11. Let w be ((-7)/(-6))/(4/12)*88. Suppose 3*q + 2*m - w = 6*m, -5*m = -5*q + 505. Suppose 3*d - q = -9*d. Calculate i(d).
5
Let h(w) = 0*w + 37*w - 20*w - 24*w**2 + 9*w**2 + 17 + 17*w**2. What is h(-8)?
9
Let c(s) = -s + 14. Let f be 13 + (-15)/(6/2). Suppose f*x = 5 + 131. Determine c(x).
-3
Let i(q) = q**3 - 5*q**2 + q + 6. Let y(f) = -4*f - 48. Let n be y(-17). Let b be (-2 - 0)/(n/(-50) - 0). What is i(b)?
11
Let c = 107 + -82. Suppose 0 = -c*j + 29*j - 8. Suppose -6*m + j*m = -4. Let i(p) = -9*p**3 - 1. Calculate i(m).
-10
Let a(n) = -n**2 + 3*n + 4. Let k be a(4). Let m(q) = 5*q**2 + 10 - 5*q + k + 40*q**3 - 41*q**3. Calculate m(4).
6
Let x(u) = -4*u**2 + 7*u + 1. Let a(d) = 3*d**2 - 7*d. Let f(k) = -3*a(k) - 2*x(k). Let o be 67/8 + 450/(-1200). Calculate f(o).
-10
Let a(k) = k**2 + 2*k - 